{"id":70,"date":"2023-05-19T15:48:58","date_gmt":"2023-05-19T15:48:58","guid":{"rendered":"https:\/\/www.vartenberskakorouhev.cz\/?page_id=70"},"modified":"2023-05-19T16:35:51","modified_gmt":"2023-05-19T16:35:51","slug":"kontakt","status":"publish","type":"page","link":"https:\/\/www.vartenberskakorouhev.cz\/?page_id=70","title":{"rendered":"Kontakt"},"content":{"rendered":"\n<p class=\"has-medium-font-size\"><strong>Spolek Vartenbersk\u00e1 korouhev<\/strong><\/p>\n\n\n\n<p><strong>Adresa:<\/strong> V Brance 257, 270 62 Rynholec<\/p>\n\n\n\n<p><strong>I\u010cO<\/strong>: 17966086<\/p>\n\n\n\n<p><strong>Email:<\/strong> <a href=\"mailto:info@vartenberskakorouhev.cz\" target=\"_blank\" rel=\"noreferrer noopener\">info@vartenberskakorouhev.cz<\/a><\/p>\n\n\n\n<p><strong>Tel:<\/strong> +420722377268 (Lenka Bernardov\u00e1)<\/p>\n\n\n\n<p><strong>Facebook:<\/strong> <a href=\"https:\/\/www.facebook.com\/vartenberskakorouhev\" target=\"_blank\" rel=\"noreferrer noopener\">Vartenbersk\u00e1 korouhev<\/a><\/p>\n","protected":false},"excerpt":{"rendered":"<p>Spolek Vartenbersk\u00e1 korouhev Adresa: V Brance 257, 270 62 Rynholec I\u010cO: 17966086 Email: info@vartenberskakorouhev.cz Tel: +420722377268 (Lenka Bernardov\u00e1) Facebook: Vartenbersk\u00e1 korouhev<\/p>\n","protected":false},"author":1,"featured_media":0,"parent":0,"menu_order":5,"comment_status":"closed","ping_status":"closed","template":"","meta":{"footnotes":""},"class_list":["post-70","page","type-page","status-publish","hentry"],"_links":{"self":[{"href":"https:\/\/www.vartenberskakorouhev.cz\/index.php?rest_route=\/wp\/v2\/pages\/70","targetHints":{"allow":["GET"]}}],"collection":[{"href":"https:\/\/www.vartenberskakorouhev.cz\/index.php?rest_route=\/wp\/v2\/pages"}],"about":[{"href":"https:\/\/www.vartenberskakorouhev.cz\/index.php?rest_route=\/wp\/v2\/types\/page"}],"author":[{"embeddable":true,"href":"https:\/\/www.vartenberskakorouhev.cz\/index.php?rest_route=\/wp\/v2\/users\/1"}],"replies":[{"embeddable":true,"href":"https:\/\/www.vartenberskakorouhev.cz\/index.php?rest_route=%2Fwp%2Fv2%2Fcomments&post=70"}],"version-history":[{"count":3,"href":"https:\/\/www.vartenberskakorouhev.cz\/index.php?rest_route=\/wp\/v2\/pages\/70\/revisions"}],"predecessor-version":[{"id":80,"href":"https:\/\/www.vartenberskakorouhev.cz\/index.php?rest_route=\/wp\/v2\/pages\/70\/revisions\/80"}],"wp:attachment":[{"href":"https:\/\/www.vartenberskakorouhev.cz\/index.php?rest_route=%2Fwp%2Fv2%2Fmedia&parent=70"}],"curies":[{"name":"wp","href":"https:\/\/api.w.org\/{rel}","templated":true}]}}